 - 596 = -5*s - 2*c, -o*s = 4*c - 244. List the prime factors of s.
2, 3, 5
Let b be 99/3*(-1 - 68/(-12)). What are the prime factors of 15*((-3)/(-2))/(21/b)?
3, 5, 11
What are the prime factors of (8276/5)/((-100)/(-250))?
2, 2069
Let r be (-6 - -7) + 4/(4/3). List the prime factors of 29 - ((-17)/(-4) - r)*0.
29
Suppose 2*s + 1765 = 3*t, 8*t - s - 2930 = 3*t. Suppose -100*q - t = -103*q. List the prime factors of q.
3, 5, 13
Suppose 0 = -29*d + 26*d + 1749. List the prime factors of d.
11, 53
Suppose 0 = -2*g + 1358 - 62. Suppose 6*w - g + 72 = 0. List the prime factors of w.
2, 3
Suppose -4*y + 4*m = -2132, 56*y - m = 58*y - 1078. What are the prime factors of y?
3, 179
Suppose 0*k + 20 = 5*k. Suppose -b + 3*g = 33, -3*b + 6*b - k*g + 74 = 0. What are the prime factors of ((-124)/10)/(b/45)?
31
Let a be ((-770)/(-40))/(1/4). Let m = -37 + a. Suppose 2*b - h - 3*h = 8, -3*b - h + m = 0. What are the prime factors of b?
2, 3
Let t(s) = 2*s - 3. Let q be t(11). Let b(r) = 23*r + 1. Let h be b(2). Let j = h - q. List the prime factors of j.
2, 7
Let p be (4 - -5)*(-2)/6. Let s be (p/(-4))/(1/4). List the prime factors of 3*-1 - (-156)/s.
7
Let r(f) = -6*f**2 - f - 1. Let p(q) = 11*q**2 + q + 2. Let a(m) = 3*p(m) + 5*r(m). List the prime factors of a(4).
41
Suppose -7 = -4*r + 5. Suppose -r*v + 395 = c - 121, -344 = -2*v + 5*c. Suppose 3*x - v = -4*s - 2*x, -5*x = -2*s + 86. What are the prime factors of s?
43
Let t(u) = -u**3 + 19*u**2 + 4*u + 43. Let b = 67 + -48. List the prime factors of t(b).
7, 17
Let a be -215*(-2)/4*(-4 - -6). Suppose h - 3*y - 2*y - 45 = 0, -3*h - 5*y + a = 0. List the prime factors of h.
5, 13
Suppose -3*k - 2*q + 4849 = -0*k, -8083 = -5*k - 4*q. List the prime factors of k.
5, 17, 19
Suppose 5*n + 40 = 5*m, n + 4*n + 24 = m. Suppose -3*z - 212 = -m*z. List the prime factors of z.
2, 53
Suppose 4*f - 10982 = -30*f. What are the prime factors of f?
17, 19
Let p(w) = -w**2 - 23*w - 34. Let s = 38 - 58. What are the prime factors of p(s)?
2, 13
Let c(x) = 2*x + 29. Let i be c(-13). Suppose 0*k - 3*k + 150 = 0. Suppose -2*q = -i*q + k. What are the prime factors of q?
2, 5
Suppose x + 16 = 3*j, 4*j = -0*x - 5*x - 42. List the prime factors of 5/(x/(-84)) + 2.
2, 11
What are the prime factors of (4 + -34 + -3)*-63?
3, 7, 11
Let m(n) = 2*n**3 + 2*n**2 + 2*n + 4. Let r be m(-2). Let c(z) = z**2 + 6*z - 10. What are the prime factors of c(r)?
2, 3
Let l be 0 + -8 + (-4)/(-1). Let f be (-4)/5*(-10)/l. What are the prime factors of 10 + (1 + -9)/f?
2, 7
Suppose 0 = h - 2*q - 322, -5*h = -17*q + 18*q - 1610. List the prime factors of h.
2, 7, 23
Let h be (-35)/14*4/(-5). Suppose 0*l + 8 = h*l. Suppose 83 = 3*w - 4*z, w + l = -0*w - 5*z. List the prime factors of w.
3, 7
Let j = 19 - -173. Let m = j - 63. List the prime factors of m.
3, 43
Suppose 10*t = 8*t + 14. Suppose -t*h + 707 = -266. What are the prime factors of h?
139
Let s be -1*(4 + -1 + 34). Let y = s + 84. List the prime factors of y.
47
Let t(a) = -a**3 - 2*a**2 + 1. Let w be t(2). Let g be w/20 - 54/(-8). Suppose -5 = -g*c + c, 5*c = -3*f + 95. List the prime factors of f.
2, 3, 5
Suppose 2 = 2*h - 4. Suppose -2*s - 705 = -5*k + h*s, 5*s - 564 = -4*k. List the prime factors of k.
3, 47
List the prime factors of (-98)/(-4)*(-22 + 50).
2, 7
Suppose -i = 548 - 1218. What are the prime factors of i?
2, 5, 67
Suppose -4*m = -5*g - 0*g - 5595, 0 = -5*g + 25. List the prime factors of m.
5, 281
Suppose -180 = 21*w - 1797. What are the prime factors of w?
7, 11
Let b(o) = 8*o**2 - 8*o - 101. What are the prime factors of b(-8)?
5, 19
Let f be (146/(-3))/((-10)/30). Suppose 3*p + f = d, -5*p + 186 = -d + 2*d. List the prime factors of d.
7, 23
Let n(y) = 12*y**2 - 2*y**2 + 15*y**2 - 1. What are the prime factors of n(-2)?
3, 11
Let d(f) = -10*f + 3. Let z(h) = -4*h**3 - 2*h**2 - h. Let b be z(-1). Let c be d(b). Let p = c + 89. What are the prime factors of p?
2, 31
Suppose -767 = 5*v - 9*v - x, 3*v - 3*x = 579. List the prime factors of v.
2, 3
Suppose -3*j + 61 + 2686 = 4*g, -2069 = -3*g - 4*j. List the prime factors of g.
683
Let k = 684 + -236. List the prime factors of k.
2, 7
Let k(p) = -9*p**2 + 1. Let n be k(1). Suppose -2*t - 90 = -4*i, -2*t + 10 + 107 = 5*i. Let q = n + i. What are the prime factors of q?
3, 5
Suppose -3*w + 2*g + 1465 + 8590 = 0, 0 = 5*g - 25. What are the prime factors of w?
5, 11, 61
Suppose -k = 78 - 387. List the prime factors of k.
3, 103
Suppose 2*d = 2*f + 4294, -8*d + 5*d + 6446 = -4*f. What are the prime factors of d?
2, 3, 7, 17
List the prime factors of (-1034)/(-8)*(-42 + 46).
11, 47
List the prime factors of (1/(-2))/((-19)/608).
2
Suppose 6*s - 2*s = -4*g + 844, -3*g = 4*s - 840. List the prime factors of s.
3, 23
Let o(r) = r**3 - 9*r**2 + 10*r - 12. Let m be o(8). Let j be (3/(-4))/(m/(-16)). Suppose -4*s + 4*x = s - 268, -3*s - j*x = -177. List the prime factors of s.
2, 7
Let k = 6 + -8. Let a = 7 + k. Suppose -135 = -a*p + 50. What are the prime factors of p?
37
Let v(w) = 3*w**3 + 3*w - 4. Suppose 2*p - 6*p - 4 = 4*q, -3*q = -2*p - 12. List the prime factors of v(q).
2, 13
Let y(a) = -72*a - 122. List the prime factors of y(-13).
2, 11, 37
Let g(v) = -7*v + 2. Let c be g(1). Let u(t) = t**2 - 2*t - 13. What are the prime factors of u(c)?
2, 11
Let y(l) = 4*l**3 + 17*l**2 - 23*l - 52. What are the prime factors of y(10)?
2, 3, 7, 43
Let i(y) = -y - 5. Let f be i(-4). Let j be (171 + -1)/((-2)/f). Suppose 5*g - j = -2*v, -44 = -g + 2*v + 3*v. List the prime factors of g.
19
Suppose -2*f - 1565 = -5*q, 0 = 3*f - 15. List the prime factors of q.
3, 5, 7
Suppose -3*f - 3 = 2*w, 2 = 4*w + 2*f - 4. What are the prime factors of (-2 - 1) + 261 + w?
3, 29
Let o = -34 + 35. Let a(b) = 35*b**2 - 2*b. What are the prime factors of a(o)?
3, 11
Let l be (-1)/(-3) - 208/(-24). List the prime factors of 398/l - (-38)/(-171).
2, 11
Let z(k) = 67*k**2 + k + 2. Let a be 1 - 4/3 - (-16)/(-24). List the prime factors of z(a).
2, 17
Suppose 921 + 351 = 3*x. List the prime factors of x.
2, 53
Suppose 12*j = 9414 - 2142. What are the prime factors of j?
2, 3, 101
Let k(q) = q + 26. Let i = -57 + 39. What are the prime factors of k(i)?
2
What are the prime factors of (5 + 323/(-51))*(-5358)/4?
2, 19, 47
Let v(p) = -2*p**2 + p. Let t be v(-1). What are the prime factors of 21/t*154/(-49)?
2, 11
Let n = 4 + 1. Suppose 4 = -n*m - r, -4*r - 16 = 5*m - 0*m. Suppose 0*q - 5*q + 30 = m. List the prime factors of q.
2, 3
What are the prime factors of (-28 - -2)*(-1498)/28?
13, 107
What are the prime factors of ((-1124)/12)/((-5)/15)?
281
Suppose -6*b - b = 560. What are the prime factors of (-136 + 0)*100/b?
2, 5, 17
What are the prime factors of (2115/(-135))/((-2)/(3*14))?
7, 47
Let v = -14 - -16. Suppose -v*j - 2*j + 312 = 5*l, j = 5*l + 53. What are the prime factors of j?
73
Suppose 53*t - 15488 - 28184 = 0. What are the prime factors of t?
2, 103
Let z(h) = -3*h**3 - 2*h**2 + 5*h - 3. What are the prime factors of z(-4)?
137
List the prime factors of -6 + (3132 - -10) - 10.
2, 3, 521
Let b(y) = 5*y - y**3 - 2*y**2 + y + 5*y**3 - 4 - y. Let v be (-1)/3*(-13 - -7). List the prime factors of b(v).
2, 3, 5
Let w(d) = -2*d**3 + 7*d - 6*d + 0*d**3 + 4*d**2. Let r be w(3). List the prime factors of -5*39/r*1.
13
Let y be 1/(-1 - 16/(-12)). Suppose 3 = -3*l + u, 2*u = l + 3 + y. Suppose a = 1, 5 = b + 3*a - l*a. What are the prime factors of b?
2
Let s = 11 - 0. Suppose s*g - 227 = 1456. List the prime factors of g.
3, 17
Suppose -g - 2*g = 0. Suppose -j - 12 = j - 2*z, g = 2*j + 4*z - 6. What are the prime factors of (-5)/(5/(-22)) - j?
5
Let g be (10 - 11)*((2 - 1) + -9). Suppose -3*z + 244 = 2*f, -2*z + g = 2*z. List the prime factors of f.
7, 17
Let n = 164 + -155. Suppose n = 3*m, -4*b + 5*m = 8*m - 749. What are the prime factors of b?
5, 37
Let f(z) = 3*z**2 + 85*z - 47. What are the prime factors of f(-32)?
5, 61
Suppose -3*l + 267 = -3*m, 4*l + 5*m = 61 + 259. Suppose -144 = -4*b + 4*a, -4*b - 4*a + 91 + l = 0. List the prime factors of b.
2, 5
Let g = -6 + 15. Suppose -4*w + 7*w - g = 0. Suppose w*o - 22 = 4*c, 17 = 3*o + 2*c - c. What are the prime factors of o?
2, 3
Suppose -5*h + 2*c = -2*h + 124, -4*c - 192 = 5*h. Let s = -20 - h. Suppose 3*w